{"id":23,"date":"2023-04-27T18:13:24","date_gmt":"2023-04-27T16:13:24","guid":{"rendered":"http:\/\/komed.lebk-lernen.de\/?page_id=23"},"modified":"2025-06-30T12:51:51","modified_gmt":"2025-06-30T10:51:51","slug":"zeitplan","status":"publish","type":"page","link":"https:\/\/komed.lebk-lernen.de\/?page_id=23","title":{"rendered":"Zeitplan"},"content":{"rendered":"\n<h2 class=\"wp-block-heading\">Jetzt Tickets buchen:<\/h2>\n\n\n\n<h4 class=\"wp-block-heading\"><\/h4>\n\n\n\n<p>Um 08:30 Uhr bis 09:15 findet die Er\u00f6ffnung der komed2025 im P\u00e4dagogischen Zentrum der Schule statt.<\/p>\n\n\n\n<p>Von ca. 13:45 Uhr bis 14:00 Uhr findet im P\u00e4dagogischen Zentrum der Schule der Abschluss des Tages statt.<\/p>\n\n\n<div class=\"zp-zeitplan\">\n  <div class=\"zp-zeitplan-header\">\n    <div class=\"zp-zeit-slot\">Zeit<\/div>\n    <div>Raum O132<\/div>\n    <div>Raum N125<\/div>\n    <div>Raum N127<\/div>\n    <div>Raum N128<\/div>\n    <div>Raum N126<\/div>\n  <\/div>\n\n  <div class=\"zp-zeitplan-row\">\n    <div class=\"zp-zeit-slot\">9:30\u201310:15<\/div>\n    <div><a class=\"zp-event\" href=\"#\"><\/a><\/div>\n    <div><a class=\"zp-event\" href=\"https:\/\/komed.lebk-lernen.de\/?page_id=446&#038;event=654\">SEO, SEA und Website-Optimierung<br><br>Andreas Duck | Cyrano Kommunikation GmbH<\/a><\/div>\n    <div><a class=\"zp-event\" href=\"https:\/\/komed.lebk-lernen.de\/?page_id=446&#038;event=656\">KI-Integration und deren Einfluss auf die herk\u00f6mmliche Websuche<br><br>Jonas Preckeler | husare GmbH<\/a><\/div>\n    <div><a class=\"zp-event\" href=\"https:\/\/komed.lebk-lernen.de\/?page_id=446&#038;event=655\">Social Media Marketing Berufsalltag + Kampagnen<br><br>Julia de Lon &#038; Clarissa Niermann | Coppenrath Verlag GmbH &#038; Co. KG<\/a><\/div>\n    <div class=\"zp-pause\">Meet &amp; Eat<\/div>\n  <\/div>\n\n  <div class=\"zp-zeitplan-row\">\n    <div class=\"zp-zeit-slot\">10:30\u201311:15<\/div>\n    <div><a class=\"zp-event\" href=\"#\"><\/a><\/div>\n    <div><a class=\"zp-event\" href=\"https:\/\/komed.lebk-lernen.de\/?page_id=446&#038;event=663\">Markt &#8211; Marke &#8211; Marketing:<br>Der Weg zu echt starken Marken<br><br>Andi Weiland | Gute Botschafter GmbH<\/a><\/div>\n    <div><a class=\"zp-event\" href=\"https:\/\/komed.lebk-lernen.de\/?page_id=446&#038;event=666\">Agiles Projektmanagement &#8211; Was ist das und was hei\u00dft das f\u00fcr Unternehmen?<br><br>Bianca Nieschwitz |<br>Landwirtschaftsverlag GmbH<\/a><\/div>\n    <div><a class=\"zp-event\" href=\"https:\/\/komed.lebk-lernen.de\/?page_id=446&#038;event=665\">K\u00fcnstliche Intelligenz \u2013 Mythos, Magie und Methodik<br><br>Marvin Liedmeyer | TOBIT<\/a><\/div>\n    <div class=\"zp-pause\">Meet &amp; Eat<\/div>\n  <\/div>\n\n  <div class=\"zp-zeitplan-row zp-pause-row\">\n    <div class=\"zp-zeit-slot\">11:15\u201311:45<\/div>\n    <div class=\"zp-pause\">Pause<\/div>\n    <div class=\"zp-pause\">Pause<\/div>\n    <div class=\"zp-pause\">Pause<\/div>\n    <div class=\"zp-pause\">Pause<\/div>\n    <div class=\"zp-pause\">Meet &amp; Eat<\/div>\n  <\/div>\n\n  <div class=\"zp-zeitplan-row\">\n    <div class=\"zp-zeit-slot\">11:45\u201312:30<\/div>\n    <div><a class=\"zp-event\" href=\"https:\/\/komed.lebk-lernen.de\/?page_id=446&#038;event=717\">Kommunikationsprojekt &#8222;Steigerung der regionalen Markenpr\u00e4senz des Hof Elpers&#8220;<br><br>Lilith Judith &#038; Emily Thu\u0308nte | (Schu\u0308lerinnen der MAKM2)<\/a><\/div>\n    <div><a class=\"zp-event\" href=\"https:\/\/komed.lebk-lernen.de\/?page_id=446&#038;event=720\">Treffe ich auf Amazon eigentlich noch eigene Kaufentscheidungen?<br><br>Marius Mersch | Team Lead und Senior Consultant A-Force GmbH<\/a><\/div>\n    <div><a class=\"zp-event\" href=\"https:\/\/komed.lebk-lernen.de\/?page_id=446&#038;event=721\">Grundlagen \u201cSearch Engine Marketing\u201d<br><br>Mootaz Ramadan | husare GmbH<\/a><\/div>\n    <div><a class=\"zp-event\" href=\"https:\/\/komed.lebk-lernen.de\/?page_id=446&#038;event=724\">Kommunikationsprojekt &#8222;Stullenschmiede&#8220;<br><br>Frida Janus und Melina Offer (Schu\u0308lerinnen der MAKM1)<\/a><\/div>\n    <div class=\"zp-pause\">Meet &amp; Eat<\/div>\n  <\/div>\n\n  <!-- Sonderzeile -->\n  <div class=\"zp-zeitplan-row zp-special-row\">\n    <div class=\"zp-zeit-slot\">12:45\u201313:30<\/div>\n    <div class=\"zp-special-event\" style=\"grid-column: span 4;\">\n      <a class=\"zp-event\" href=\"https:\/\/komed.lebk-lernen.de\/?page_id=446&#038;event=731\">\n        Wie du die Wahrscheinlichkeit f\u00fcr virale Reels deutlich erh\u00f6hst<br><br>\n        Lukas Sieverding | Listenwissen.de\n      <\/a>\n    <\/div>\n    <div class=\"zp-pause\">Meet &amp; Eat<\/div>\n  <\/div>\n<\/div>\n\n\n\n\n<div class=\"emagic\">\r\n<div class=\"ep-event-venues-container ep-mb-5\" id=\"ep-event-venues-container\">\r\n        <form id=\"ep_venue_search_form\" class=\"ep-box-wrap ep-box-search-form ep-box-bottom ep-mb-4\" name=\"ep_venue_search_form\" action=\"\">\r\n        <div class=\"ep-bg-light ep-border ep-rounded ep-px-3\">\r\n            <div class=\"ep-box-row\">\r\n                <div class=\"ep-box-col-8 ep-p-3 ep-position-relative\">\r\n                    <div class=\"ep-input-group\">\r\n                        <span class=\"ep-input-group-text ep-bg-white ep-text-muted\">\r\n                            <span class=\"material-icons-outlined\">search<\/span>\r\n                        <\/span>\r\n                        <input type=\"hidden\" name=\"ep_search\" value=\"1\" \/>\r\n                        <input placeholder=\"Schlagwort\" class=\"ep-form-control ep-form-control-sm ep-border-start-0\" type=\"text\" name=\"keyword\" id=\"ep_keyword\" value=\"\" \/>  \r\n                        <input class=\"ep-btn ep-btn-dark ep-btn-sm\" type=\"submit\" value=\"Suchen\"\/>\r\n                    <\/div>\r\n                <\/div>\r\n                <div class=\"ep-box-col-4 ep-event-filter-block ep-text-item-right ep-d-inline-flex ep-align-items-center\">\r\n                                    <\/div>\r\n            <\/div>\r\n        <\/div>\r\n    <\/form>\r\n    \r\n            <div class=\"em_venues dbfl\">\r\n            <div class=\"ep-box-wrap ep-event-venues-card-container\">\r\n                <div id=\"ep-event-venues-loader-section\" class=\"ep-box-row ep-box-top ep-venue-card-wrap\">\r\n                        <div class=\"ep-box-col-3 ep-col-md-6 ep-mb-3 ep-venue-col-section\">\r\n        <div class=\"ep-box-card-item \">\r\n            <div class=\"ep-box-card-thumb\" >\r\n                <a href=\"https:\/\/komed.lebk-lernen.de\/?page_id=445&amp;venue=20\" class=\"ep-img-link\">\r\n                    <img decoding=\"async\" src=\"https:\/\/komed.lebk-lernen.de\/wp-content\/plugins\/eventprime-event-calendar-management\/admin\/partials\/images\/dummy_image.png\" alt=\"Raum N125\">\r\n                <\/a>\r\n            <\/div>\r\n            <div class=\"ep-box-card-content ep-p-3 ep-bg-white\">\r\n                <div class=\"ep-box-title ep-box-card-title ep-text-truncate ep-mb-2\">\r\n                    <a href=\"https:\/\/komed.lebk-lernen.de\/?page_id=445&#038;venue=20\" class=\"ep-fw-bold ep-fs-6\">\r\n                        Raum N125                    <\/a>\r\n                <\/div>\r\n                \r\n                <div class=\"ep-box-card-venue ep-card-venue ep-text-muted ep-text-small ep-text-truncate ep-mb-1\">\r\n                                    <\/div>\r\n                \r\n                <div class=\"ep-venue-seating-capacity ep-event-details ep-text-small ep-d-flex ep-justify-content-between\">\r\n                                            <div class=\"ep-event-attr-name ep-fw-bold\">Typ : Stehend<\/div>\r\n                                        <\/div>\r\n            <\/div>\r\n        <\/div>\r\n    <\/div>    <div class=\"ep-box-col-3 ep-col-md-6 ep-mb-3 ep-venue-col-section\">\r\n        <div class=\"ep-box-card-item \">\r\n            <div class=\"ep-box-card-thumb\" >\r\n                <a href=\"https:\/\/komed.lebk-lernen.de\/?page_id=445&amp;venue=19\" class=\"ep-img-link\">\r\n                    <img decoding=\"async\" src=\"https:\/\/komed.lebk-lernen.de\/wp-content\/plugins\/eventprime-event-calendar-management\/admin\/partials\/images\/dummy_image.png\" alt=\"Raum N126\">\r\n                <\/a>\r\n            <\/div>\r\n            <div class=\"ep-box-card-content ep-p-3 ep-bg-white\">\r\n                <div class=\"ep-box-title ep-box-card-title ep-text-truncate ep-mb-2\">\r\n                    <a href=\"https:\/\/komed.lebk-lernen.de\/?page_id=445&#038;venue=19\" class=\"ep-fw-bold ep-fs-6\">\r\n                        Raum N126                    <\/a>\r\n                <\/div>\r\n                \r\n                <div class=\"ep-box-card-venue ep-card-venue ep-text-muted ep-text-small ep-text-truncate ep-mb-1\">\r\n                                    <\/div>\r\n                \r\n                <div class=\"ep-venue-seating-capacity ep-event-details ep-text-small ep-d-flex ep-justify-content-between\">\r\n                                            <div class=\"ep-event-attr-name ep-fw-bold\">Typ : Stehend<\/div>\r\n                                        <\/div>\r\n            <\/div>\r\n        <\/div>\r\n    <\/div>    <div class=\"ep-box-col-3 ep-col-md-6 ep-mb-3 ep-venue-col-section\">\r\n        <div class=\"ep-box-card-item \">\r\n            <div class=\"ep-box-card-thumb\" >\r\n                <a href=\"https:\/\/komed.lebk-lernen.de\/?page_id=445&amp;venue=18\" class=\"ep-img-link\">\r\n                    <img decoding=\"async\" src=\"https:\/\/komed.lebk-lernen.de\/wp-content\/plugins\/eventprime-event-calendar-management\/admin\/partials\/images\/dummy_image.png\" alt=\"Raum N128\">\r\n                <\/a>\r\n            <\/div>\r\n            <div class=\"ep-box-card-content ep-p-3 ep-bg-white\">\r\n                <div class=\"ep-box-title ep-box-card-title ep-text-truncate ep-mb-2\">\r\n                    <a href=\"https:\/\/komed.lebk-lernen.de\/?page_id=445&#038;venue=18\" class=\"ep-fw-bold ep-fs-6\">\r\n                        Raum N128                    <\/a>\r\n                <\/div>\r\n                \r\n                <div class=\"ep-box-card-venue ep-card-venue ep-text-muted ep-text-small ep-text-truncate ep-mb-1\">\r\n                                    <\/div>\r\n                \r\n                <div class=\"ep-venue-seating-capacity ep-event-details ep-text-small ep-d-flex ep-justify-content-between\">\r\n                                            <div class=\"ep-event-attr-name ep-fw-bold\">Typ : Stehend<\/div>\r\n                                        <\/div>\r\n            <\/div>\r\n        <\/div>\r\n    <\/div>    <div class=\"ep-box-col-3 ep-col-md-6 ep-mb-3 ep-venue-col-section\">\r\n        <div class=\"ep-box-card-item \">\r\n            <div class=\"ep-box-card-thumb\" >\r\n                <a href=\"https:\/\/komed.lebk-lernen.de\/?page_id=445&amp;venue=17\" class=\"ep-img-link\">\r\n                    <img decoding=\"async\" src=\"https:\/\/komed.lebk-lernen.de\/wp-content\/plugins\/eventprime-event-calendar-management\/admin\/partials\/images\/dummy_image.png\" alt=\"Raum N127\">\r\n                <\/a>\r\n            <\/div>\r\n            <div class=\"ep-box-card-content ep-p-3 ep-bg-white\">\r\n                <div class=\"ep-box-title ep-box-card-title ep-text-truncate ep-mb-2\">\r\n                    <a href=\"https:\/\/komed.lebk-lernen.de\/?page_id=445&#038;venue=17\" class=\"ep-fw-bold ep-fs-6\">\r\n                        Raum N127                    <\/a>\r\n                <\/div>\r\n                \r\n                <div class=\"ep-box-card-venue ep-card-venue ep-text-muted ep-text-small ep-text-truncate ep-mb-1\">\r\n                                    <\/div>\r\n                \r\n                <div class=\"ep-venue-seating-capacity ep-event-details ep-text-small ep-d-flex ep-justify-content-between\">\r\n                                            <div class=\"ep-event-attr-name ep-fw-bold\">Typ : Stehend<\/div>\r\n                                        <\/div>\r\n            <\/div>\r\n        <\/div>\r\n    <\/div>    <div class=\"ep-box-col-3 ep-col-md-6 ep-mb-3 ep-venue-col-section\">\r\n        <div class=\"ep-box-card-item \">\r\n            <div class=\"ep-box-card-thumb\" >\r\n                <a href=\"https:\/\/komed.lebk-lernen.de\/?page_id=445&amp;venue=15\" class=\"ep-img-link\">\r\n                    <img decoding=\"async\" src=\"https:\/\/komed.lebk-lernen.de\/wp-content\/plugins\/eventprime-event-calendar-management\/admin\/partials\/images\/dummy_image.png\" alt=\"Raum O132\">\r\n                <\/a>\r\n            <\/div>\r\n            <div class=\"ep-box-card-content ep-p-3 ep-bg-white\">\r\n                <div class=\"ep-box-title ep-box-card-title ep-text-truncate ep-mb-2\">\r\n                    <a href=\"https:\/\/komed.lebk-lernen.de\/?page_id=445&#038;venue=15\" class=\"ep-fw-bold ep-fs-6\">\r\n                        Raum O132                    <\/a>\r\n                <\/div>\r\n                \r\n                <div class=\"ep-box-card-venue ep-card-venue ep-text-muted ep-text-small ep-text-truncate ep-mb-1\">\r\n                                    <\/div>\r\n                \r\n                <div class=\"ep-venue-seating-capacity ep-event-details ep-text-small ep-d-flex ep-justify-content-between\">\r\n                                            <div class=\"ep-event-attr-name ep-fw-bold\">Typ : Stehend<\/div>\r\n                                        <\/div>\r\n            <\/div>\r\n        <\/div>\r\n    <\/div>                <\/div>\r\n            <\/div>\r\n        <\/div>\r\n    <\/div><\/div>\n\n\n    <!-- Login Form Wrapper -->\r\n    <div class=\"emagic\">\r\n        <div id=\"ep_attendee_login_form_wrapper\" class=\" \">\r\n                        <div class=\"ep-login-form ep-shadow-sm ep-border ep-rounded ep-p-5 ep-mb-3 wp-block-create-block-ep-login-block align\" style=\"Color: ; background-color: \">\r\n                <div class=\"ep-event-avatar ep-bg-primary ep-rounded-circle\"><i class=\"material-icons\">&#xE7FF;<\/i><\/div> \r\n                <h4 class=\"ep-modal-title ep-text-center ep-my-3\" style=\"Color:  ;\">\r\n                    Login to Your Account                <\/h4>\r\n                <div class=\"ep-modal-sub-heading ep-text-center ep-my-3 ep-fs-6 ep-text-muted\">\r\n                                    <\/div>\r\n                <form class=\"ep-attendee-login-form\" id=\"ep_attendee_login_form\" method=\"post\">\r\n                                        <div class=\"ep-login-response ep-mb-3\"><\/div>\r\n                    <div class=\"ep-form-row ep-form-group ep-mb-3\">\r\n                        <label for=\"user_name\" class=\"ep-form-label\">\r\n                            User Name                            <input type=\"hidden\" name=\"login_id_field\" class=\"ep-form-control\" value=\"username\">\r\n                            <span class=\"required ep-text-danger\">*<\/span>\r\n                        <\/label>\r\n                        <input type=\"text\" name=\"user_name\" required id=\"ep_login_user_name\" class=\"ep-form-input ep-input-text ep-form-control\" value=\"\" \/>\r\n                    <\/div>\r\n\r\n                    <div class=\"ep-form-row ep-form-group ep-mb-3\">\r\n                        <label for=\"password\" class=\"ep-form-label\">\r\n                            Password                            <span class=\"required ep-text-danger\">*<\/span>\r\n                        <\/label>\r\n                        <input type=\"password\" name=\"password\" required id=\"ep_login_password\" class=\"ep-form-control ep-form-input ep-input-text\" \/>\r\n                    <\/div>\r\n                    \r\n                                        \r\n                                        \r\n                    <div class=\"ep-form-row ep-form-group ep-text-small ep-d-flex ep-justify-content-between ep-mb-3\">\r\n                                                    <label for=\"ep_login_rememberme\" class=\"ep-form-label ep-checkbox-inline ep-text-small\">\r\n                                <input type=\"checkbox\" name=\"rememberme\" id=\"ep_login_rememberme\" class=\"ep-form-input ep-input-checkbox\" \/>\r\n                                Remember me&nbsp;\r\n                            <\/label>                            \r\n                                                    <div class=\"ep-login-forgotpass ep-text-small\">\r\n                                Forgot password?                                <a href=\"https:\/\/komed.lebk-lernen.de\/wp-login.php?action=lostpassword\" id=\"ep_login_forgotpass\">\r\n                                 Hier klicken                                <\/a>\r\n                            <\/div>   \r\n                    <\/div>\r\n                    <!-- Login Button Section for blocks and default start -->\r\n                                                    <div class=\"ep-form-row ep-login-btn-section ep-mb-3\">\r\n                                <input type=\"hidden\" id=\"ep-attendee-login-nonce\" name=\"ep-attendee-login-nonce\" value=\"535ce05f8a\" \/><input type=\"hidden\" name=\"_wp_http_referer\" value=\"\/index.php?rest_route=%2Fwp%2Fv2%2Fpages%2F23\" \/>                                <button type=\"submit\" class=\"ep-btn ep-btn-dark ep-box-w-100 ep-mb-2 ep-py-2 ep-login-form-submit\" name=\"ep_login\" value=\"Bitte anmelden\">\r\n                                    <span class=\"ep-spinner ep-spinner-border-sm ep-mr-1\"><\/span>Bitte anmelden                                <\/button>\r\n                                                                    <input type=\"hidden\" name=\"redirect\" value=\"https:\/\/komed.lebk-lernen.de\/?page_id=448\" \/>                    <\/div>\r\n                                        <!-- Login Button Section for blocks and default end -->\r\n\r\n                                            <div class=\"ep-form-row\">\r\n                            <div class=\"ep-login-register\">\r\n                                Ich habe keinen Account. \r\n                                    <a href=\"https:\/\/komed.lebk-lernen.de\/?page_id=454\">Register                                    <\/a>                            <\/div>\r\n                        <\/div>\r\n                                    <\/form>\r\n            <\/div>\r\n        <\/div>\r\n    <\/div>\n","protected":false},"excerpt":{"rendered":"<p>Jetzt Tickets buchen: Um 08:30 Uhr bis 09:15 findet die Er\u00f6ffnung der komed2025 im P\u00e4dagogischen Zentrum der Schule statt. Von ca. 13:45 Uhr bis 14:00 Uhr findet im P\u00e4dagogischen Zentrum der Schule der Abschluss des Tages statt. Zeit Raum O132 Raum N125 Raum N127 Raum N128 Raum N126 9:30\u201310:15 SEO, SEA und Website-Optimierung Andreas Duck [&hellip;]<\/p>\n","protected":false},"author":1,"featured_media":0,"parent":0,"menu_order":3,"comment_status":"closed","ping_status":"closed","template":"","meta":{"saved_in_kubio":true,"footnotes":""},"class_list":["post-23","page","type-page","status-publish","hentry"],"kubio_ai_page_context":{"short_desc":"","purpose":"general"},"_links":{"self":[{"href":"https:\/\/komed.lebk-lernen.de\/index.php?rest_route=\/wp\/v2\/pages\/23","targetHints":{"allow":["GET"]}}],"collection":[{"href":"https:\/\/komed.lebk-lernen.de\/index.php?rest_route=\/wp\/v2\/pages"}],"about":[{"href":"https:\/\/komed.lebk-lernen.de\/index.php?rest_route=\/wp\/v2\/types\/page"}],"author":[{"embeddable":true,"href":"https:\/\/komed.lebk-lernen.de\/index.php?rest_route=\/wp\/v2\/users\/1"}],"replies":[{"embeddable":true,"href":"https:\/\/komed.lebk-lernen.de\/index.php?rest_route=%2Fwp%2Fv2%2Fcomments&post=23"}],"version-history":[{"count":117,"href":"https:\/\/komed.lebk-lernen.de\/index.php?rest_route=\/wp\/v2\/pages\/23\/revisions"}],"predecessor-version":[{"id":1211,"href":"https:\/\/komed.lebk-lernen.de\/index.php?rest_route=\/wp\/v2\/pages\/23\/revisions\/1211"}],"wp:attachment":[{"href":"https:\/\/komed.lebk-lernen.de\/index.php?rest_route=%2Fwp%2Fv2%2Fmedia&parent=23"}],"curies":[{"name":"wp","href":"https:\/\/api.w.org\/{rel}","templated":true}]}}